 the ten thousands digit of 285403?
8
What is the thousands digit of 17338380?
8
What is the thousands digit of 736009?
6
What is the hundreds digit of 1998723?
7
What is the ten thousands digit of 367116?
6
What is the units digit of 2975523?
3
What is the millions digit of 1846057?
1
What is the units digit of 1472527?
7
What is the units digit of 196624?
4
What is the units digit of 379658?
8
What is the tens digit of 3286090?
9
What is the ten thousands digit of 217895?
1
What is the hundreds digit of 288369?
3
What is the hundred thousands digit of 1825683?
8
What is the hundred thousands digit of 1107088?
1
What is the units digit of 738982?
2
What is the ten thousands digit of 6529551?
2
What is the thousands digit of 820714?
0
What is the units digit of 573695?
5
What is the ten thousands digit of 35891529?
9
What is the millions digit of 38126317?
8
What is the tens digit of 6875450?
5
What is the thousands digit of 1324326?
4
What is the millions digit of 2221793?
2
What is the tens digit of 2531568?
6
What is the hundreds digit of 39968?
9
What is the thousands digit of 10015994?
5
What is the hundreds digit of 3271958?
9
What is the ten thousands digit of 5078020?
7
What is the thousands digit of 339335?
9
What is the tens digit of 19137215?
1
What is the tens digit of 3857414?
1
What is the units digit of 798390?
0
What is the hundreds digit of 61026?
0
What is the thousands digit of 231866?
1
What is the hundreds digit of 186253?
2
What is the tens digit of 1266017?
1
What is the thousands digit of 4592425?
2
What is the hundred thousands digit of 319570?
3
What is the hundred thousands digit of 379073?
3
What is the ten thousands digit of 542487?
4
What is the tens digit of 7849735?
3
What is the tens digit of 1355383?
8
What is the hundreds digit of 1186?
1
What is the tens digit of 29568450?
5
What is the ten millions digit of 42924027?
4
What is the ten thousands digit of 950991?
5
What is the ten thousands digit of 7646684?
4
What is the hundreds digit of 4682223?
2
What is the units digit of 5636824?
4
What is the ten thousands digit of 961701?
6
What is the tens digit of 2256673?
7
What is the ten thousands digit of 3230090?
3
What is the hundreds digit of 1386958?
9
What is the hundred thousands digit of 1280086?
2
What is the millions digit of 3507263?
3
What is the ten thousands digit of 8870824?
7
What is the ten thousands digit of 2750105?
5
What is the tens digit of 211481?
8
What is the millions digit of 9331068?
9
What is the hundreds digit of 2652168?
1
What is the hundred thousands digit of 17630887?
6
What is the units digit of 390435?
5
What is the hundred thousands digit of 22784482?
7
What is the ten thousands digit of 511348?
1
What is the units digit of 38902965?
5
What is the tens digit of 12250886?
8
What is the hundreds digit of 328670?
6
What is the units digit of 1420630?
0
What is the hundreds digit of 742388?
3
What is the hundreds digit of 95076?
0
What is the thousands digit of 21381?
1
What is the thousands digit of 614951?
4
What is the tens digit of 321370?
7
What is the hundreds digit of 685974?
9
What is the units digit of 902914?
4
What is the hundred thousands digit of 1924429?
9
What is the tens digit of 3377823?
2
What is the hundreds digit of 245454?
4
What is the units digit of 6878347?
7
What is the thousands digit of 12114648?
4
What is the hundred thousands digit of 901236?
9
What is the ten thousands digit of 1791291?
9
What is the tens digit of 2085231?
3
What is the tens digit of 28087?
8
What is the units digit of 367828?
8
What is the tens digit of 1119802?
0
What is the hundreds digit of 37078892?
8
What is the hundred thousands digit of 9733890?
7
What is the thousands digit of 256428?
6
What is the ten thousands digit of 6106239?
0
What is the tens digit of 7518503?
0
What is the ten thousands digit of 295861?
9
What is the hundreds digit of 1764515?
5
What is the units digit of 679708?
8
What is the hundreds digit of 2060741?
7
What is the thousands digit of 4659754?
9
What is the thousands digit of 3196?
3
What is the hundred thousands digit of 263732?
2
What is the units digit of 229032?
2
What is the units digit of 3465688?
8
What is the thousands digit of 5380986?
0
What is the hundred thousands digit of 929635?
9
What is the tens digit of 142770?
7
What is the hundreds digit of 80724?
7
What is the thousands digit of 252457?
2
What is the hundreds digit of 365952?
9
What is the hundreds digit of 16431564?
5
What is the hundreds digit of 604665?
6
What is the units digit of 207276?
6
What is the units digit of 355401?
1
What is the millions digit of 5169696?
5
What is the ten thousands digit of 58209?
5
What is the thousands digit of 943491?
3
What is the thousands digit of 58665?
8
What is the thousands digit of 562259?
2
What is the hundreds digit of 7666194?
1
What is the hundreds digit of 8216?
2
What is the ten thousands digit of 479151?
7
What is the hundreds digit of 18489?
4
What is the hundred thousands digit of 145337?
1
What is the tens digit of 268002?
0
What is the units digit of 1043141?
1
What is the thousands digit of 1406578?
6
What is the millions digit of 9969685?
9
What is the ten thousands digit of 321492?
2
What is the ten thousands digit of 3558529?
5
What is the ten thousands digit of 3783258?
8
What is the units digit of 10606312?
2
What is the units digit of 199505?
5
What is the hundred thousands digit of 2878251?
8
What is the hundreds digit of 3464568?
5
What is the units digit of 663927?
7
What is the thousands digit of 2636326?
6
What is the hundreds digit of 817311?
3
What is the hundreds digit of 11176910?
9
What is the ten thousands digit of 77756?
7
What is the units digit of 7983718?
8
What is the thousands digit of 225328?
5
What is the hundreds digit of 135135?
1
What is the hundred thousands digit of 406681?
4
What is the ten thousands digit of 117234?
1
What is the ten thousands digit of 3225865?
2
What is the millions digit of 3053977?
3
What is the hundreds digit of 793370?
3
What is the hundred thousands digit of 30503388?
5
What is the hundreds digit of 306975?
9
What is the millions digit of 1570820?
1
What is the units digit of 418071?
1
What is the hundred thousands digit of 3225167?
2
What is the hundreds digit of 260339?
3
What is the hundred thousands digit of 1337690?
3
What is the ten thousands digit of 862413?
6
What is the hundreds digit of 8589889?
8
What is the hundreds digit of 216985?
9
What is the ten thousands digit of 266173?
6
What is the units digit of 21875756?
6
What is the hundred thousands digit of 302692?
3
What is the thousands digit of 520698?
0
What is the thousands digit of 14849956?
9
What is the units digit of 10861283?
3
What is the hundreds digit of 96866?
8
What is the tens digit of 362346?
4
What is the hundreds digit of 183933?
9
What is the ten thousands digit of 1406120?
0
What is the ten thousands digit of 26586800?
8
What is the thousands digit of 511662?
1
What is the tens digit of 1018339?
3
What is the thousands digit of 102125?
2
What is the ten thousands digit of 12360423?
6
What is the ten thousands digit of 27774002?
7
What is the tens digit of 213333?
3
What is the hundreds digit of 553721?
7
What is the ten thousands digit of 62133?
6
What is the ten thousands digit of 223146?
2
What is the ten thousands digit of 2689513?
8
What is the hundreds digit of 2627480?
4
What is the millions digit of 23096179?
3
What is the tens digit of 43083?
8
What is the units digit of 14802736?
6
What is the hundreds digit of 13867185?
1
What is the thousands digit of 360518?
0
What is the tens digit of 290951?
5
What is the units digit of 4140616?
6
What is the millions digit of 4313712?
4
What is the hundreds digit of 3547834?
8
What is the tens digit of 442860?
6
What is the ten thousands digit of 365274?
6
What is the ten thousands digit of 1845106?
4
What is the hundreds digit of 444210?
2
What is the tens digit of 471420?
2
What is the ten thousands digit of 856881?
5
What is the ten thousands digit of 364151?
6
What is the hundreds digit of 119227?
2
What is the thousands digit of 19144626?
4
What is the units digit of 7111080?
0
What is the tens digit of 210092?
9
What is the hundred tho